{"id":3,"date":"2024-06-01T23:34:17","date_gmt":"2024-06-01T21:34:17","guid":{"rendered":"http:\/\/www.aivsrl.it\/?page_id=3"},"modified":"2024-06-19T19:11:04","modified_gmt":"2024-06-19T17:11:04","slug":"privacy-policy","status":"publish","type":"page","link":"https:\/\/www.aivsrl.it\/?page_id=3","title":{"rendered":"Privacy Policy"},"content":{"rendered":"<div class=\"wpb-content-wrapper\">[vc_row][vc_column][vc_column_text css=&#8221;.vc_custom_1718816872763{margin-bottom: 0px !important;}&#8221;]\n<h3>INFORMATIVA PRIVACY<\/h3>\n<p>La presente politica dei cookie \u00e8 rilasciata solo per il Sito di AIV srl (di seguito, &#8220;Titolare&#8221;), la cui Home Page \u00e8 accessibile all&#8217;URL: www.aivsrl.it (di seguito, &#8220;SITO&#8221;)\u00a0 e non si riferisce anche a siti raggiungibili da eventuali link presenti all&#8217;interno del SITO.<\/p>\n<h4>Cosa sono i cookie?<\/h4>\n<p>Questo sito web utilizza i cookie per rendere i propri servizi semplici e efficienti per l&#8217;utenza che ne visiona le pagine.<\/p>\n<p>Gli utenti che vi accedono vedranno inserite delle quantit\u00e0 minime di informazioni nei dispositivi in uso, che siano computer o periferiche mobili, in piccoli file di testo denominati &#8220;cookie&#8221; salvati nelle directory utilizzate dal browser web dell&#8217;utente.<\/p>\n<p>Vi sono vari tipi di cookie, alcuni per rendere pi\u00f9 efficace l&#8217;uso del Sito, altri per abilitare determinate funzionalit\u00e0.<\/p>\n<p>Nel corso della navigazione su un sito, l&#8217;utente pu\u00f2 ricevere sul suo terminale anche cookie che vengono inviati da siti o da web server diversi (c.d. &#8220;terze parti&#8221;), sui quali possono risiedere alcuni elementi (quali, ad esempio, immagini, mappe, suoni, specifici link a pagine di altri domini) presenti sul sito che lo stesso sta visitando.<\/p>\n<p>I cookie sono usati per differenti finalit\u00e0: esecuzione di autenticazioni informatiche, monitoraggio di sessioni, memorizzazione di informazioni su specifiche configurazioni riguardanti gli utenti che accedono al server, ecc.<\/p>\n<p>I cookie non danneggiano il dispositivo, non possono richiamare nessun altro dato dal disco fisso dell&#8217;utente n\u00e9 trasmettere virus informatici o acquisire indirizzi email.<\/p>\n<h3>Tipi di cookie<\/h3>\n<h4>Cookie tecnici<\/h4>\n<p>I cookie tecnici sono quelli utilizzati al solo fine di &#8220;effettuare la trasmissione di una comunicazione su una rete di comunicazione elettronica, o nella misura strettamente necessaria al fornitore di un servizio della societ\u00e0 dell&#8217;informazione esplicitamente richiesto dall&#8217;utente a erogare tale servizio&#8221;.<\/p>\n<p>Essi non vengono utilizzati per scopi ulteriori e sono normalmente installati direttamente dal titolare o gestore del sito web.<\/p>\n<p>Possono essere suddivisi in cookie di navigazione o di sessione: garantiscono la normale navigazione e fruizione del sito web (permettendo, ad esempio, di autenticarsi per accedere ad aree riservate); cookie analytics sono utilizzati direttamente dal gestore del sito per raccogliere informazioni, in forma aggregata e anonima, sul numero degli utenti e su come questi visitano il sito stesso; cookie di funzionalit\u00e0: permettono all&#8217;utente la navigazione in funzione di una serie di criteri selezionati (ad esempio, la lingua, la linea di prodotti) al fine di migliorare il servizio reso allo stesso.<\/p>\n<p>Per l&#8217;installazione di tali cookies non \u00e8 richiesto il preventivo consenso degli utenti, mentre resta fermo l&#8217;obbligo di dare l&#8217;informativa ai sensi.<\/p>\n<p>Cookie di profilazione I cookie di profilazione sono volti a creare profili relativi all&#8217;utente e vengono utilizzati al fine di inviare messaggi pubblicitari in linea con le preferenze manifestate dallo stesso nell&#8217;ambito della navigazione in rete. In ragione della particolare invasivit\u00e0 che tali dispositivi possono avere nell&#8217;ambito della sfera privata degli utenti, la normativa europea e italiana prevede che l&#8217;utente debba essere adeguatamente informato sull&#8217;uso degli stessi ed esprimere cos\u00ec il proprio valido consenso.<\/p>\n<h4>Cookie di sessione e permanenti<\/h4>\n<p>I cookie di sessione scadono quando termina la sessione del browser, per cui si intende il periodo fra l&#8217;apertura di una finestra del browser da parte dell&#8217;utente e la sua chiusura.<\/p>\n<p>I cookies permanenti sono conservati sul dispositivo di un utente tra le sessioni del browser, per periodi di tempo variabili. Ulteriori informazioni circa i cookie di profilazione di terze parti Il sito utilizza Google Analytics con risultati anonimizzati e i suoi cookies per monitorare in forma anonima il comportamento dei visitatori e misurare le prestazioni del sito. Maggiori informazioni sui cookies di Google Analytics si possono trovare seguendo i link:<\/p>\n<p>https:\/\/support.google.com\/analytics\/answer\/6004245?hl=it https:\/\/developers.google.com\/analytics\/devguides\/collection\/analyticsjs\/cookies-usage<\/p>\n<p>I visitatori che non volessero i cookies relativi a Google Analytics potranno impedirne la memorizzazione sul proprio computer attraverso l&#8217;apposito &#8220;Componente aggiuntivo del browser per la disattivazione di Google Analytics&#8221; messo a disposizione da Google all&#8217;indirizzo :<\/p>\n<p>https:\/\/tools.google.com\/dlpage\/gaoptout.<\/p>\n<p>Per attivare il componente, che inibisce il sistema di invio di informazioni sulla visita dell&#8217;utente, sar\u00e0 sufficiente installarlo seguendo le istruzioni sullo schermo, chiudere e riaprire il browser.<\/p>\n<h4>DURATA DEI COOKIE<\/h4>\n<p>Alcuni cookie (cookie di sessione) restano attivi solo fino alla chiusura del browser.<\/p>\n<p>Altri cookie &#8220;sopravvivono&#8221; alla chiusura del browser e sono disponibili anche in successive visite dell&#8217;utente.<\/p>\n<p>Questi cookie sono detti persistenti e la loro durata \u00e8 fissata dal server al momento della loro creazione.<\/p>\n<p>In alcuni casi \u00e8 fissata una scadenza, in altri casi la durata \u00e8 illimitata.<\/p>\n<p>Aiv srl in relazione a cui le informazioni sono memorizzate esclusivamente per finalit\u00e0 tecniche, non fa uso di cookie persistenti.<\/p>\n<p>Come verificare, selezionare\/deselezionare, disattivare, rimuovere o bloccare i cookie Il SITO consente di selezionare\/deselezionare i singoli cookie, con le modalit\u00e0 di seguito illustrate.<\/p>\n<p>Si avvisa l&#8217;Utente che non tutte le funzionalit\u00e0 del SITO potrebbero restare operative nel caso uno o pi\u00f9 cookies venissero disabilitati (alcuni cookies sono indispensabili per le funzionalit\u00e0 di base del SITO).<\/p>\n<p>Per disattivare, rimuovere o bloccare i cookies \u00e8 possibile ricorrere alle impostazioni del browser, secondo le indicazioni riportate di seguito: Selezionando qui sotto il browser utilizzato per navigare in Internet si riceveranno le opportune informazioni su come modificarne le impostazioni dei cookie:<\/p>\n<h4>Firefox:<\/h4>\n<p>http:\/\/mzl.la\/1BAQFQq<\/p>\n<h4>Internet Explorer:<\/h4>\n<p>http:\/\/windows.microsoft.com\/it-it\/internet-explorer\/delete-manage-cookiess#ie=ie-11<\/p>\n<h4>Google Chrome:<\/h4>\n<p>https:\/\/support.google.com\/chrome\/answer\/95647?hl=it<\/p>\n<h4>Safari (OS X):<\/h4>\n<p>https:\/\/support.apple.com\/it-it\/guide\/safari\/sfri11471\/mac<\/p>\n<h4>Safari (iOS):<\/h4>\n<p>https:\/\/support.apple.com\/it-it\/HT201265<\/p>\n<h4>Opera:<\/h4>\n<p>http:\/\/help.opera.com\/Windows\/10.00\/it\/cookies.html<\/p>\n<p>Le impostazioni relative a tale scelta possono essere verificate e modificate nella finestra delle preferenze del browser.<\/p>\n<p>Se non utilizzi nessuno dei browser sopra elencati, seleziona &#8220;cookie&#8221; nella relativa sezione della guida per scoprire dove si trova il menu di preferenze dei cookie.<\/p>\n<p>Oltre a quanto sopra esposto, in caso di servizi erogati da terze parti, l&#8217;Utente pu\u00f2 esercitare il proprio diritto ad opporsi al tracciamento informandosi tramite la privacy policy della terza parte, contattando direttamente la stessa. Accesso ai dati da parte della struttura organizzativa del titolare &#8211; comunicazione &#8211; diffusione dei dati ottenuti con i cookie I dati raccolti utilizzando i cookie potranno essere trattati da dipendenti e collaboratori del Titolare in qualit\u00e0 di addetti al trattamento.<\/p>\n<p>Tali dati potranno essere inoltre trattati da societ\u00e0 di nostra fiducia che svolgono per nostro conto compiti di natura tecnica ed organizzativa. I dati raccolti utilizzando i cookie non saranno comunicati a terzi.<\/p>\n<p>I dati raccolti utilizzando i cookie non saranno diffusi. Informativa sull&#8217;uso dei cookie e privacy Informativa sull&#8217;uso dei cookie<\/p>\n[\/vc_column_text][\/vc_column][\/vc_row]\n<\/div>","protected":false},"excerpt":{"rendered":"<p>[vc_row][vc_column][vc_column_text css=&#8221;.vc_custom_1718816872763{margin-bottom: 0px !important;}&#8221;] INFORMATIVA PRIVACY La presente politica dei cookie \u00e8 rilasciata solo per il Sito di AIV srl (di seguito, &#8220;Titolare&#8221;), la cui Home Page \u00e8 accessibile all&#8217;URL: www.aivsrl.it (di seguito, &#8220;SITO&#8221;)\u00a0 e non si riferisce anche a siti raggiungibili da eventuali link presenti all&#8217;interno del SITO. Cosa sono i cookie? Questo sito [&hellip;]<\/p>\n","protected":false},"author":1,"featured_media":0,"parent":0,"menu_order":0,"comment_status":"closed","ping_status":"open","template":"","meta":{"footnotes":""},"_links":{"self":[{"href":"https:\/\/www.aivsrl.it\/index.php?rest_route=\/wp\/v2\/pages\/3"}],"collection":[{"href":"https:\/\/www.aivsrl.it\/index.php?rest_route=\/wp\/v2\/pages"}],"about":[{"href":"https:\/\/www.aivsrl.it\/index.php?rest_route=\/wp\/v2\/types\/page"}],"author":[{"embeddable":true,"href":"https:\/\/www.aivsrl.it\/index.php?rest_route=\/wp\/v2\/users\/1"}],"replies":[{"embeddable":true,"href":"https:\/\/www.aivsrl.it\/index.php?rest_route=%2Fwp%2Fv2%2Fcomments&post=3"}],"version-history":[{"count":2,"href":"https:\/\/www.aivsrl.it\/index.php?rest_route=\/wp\/v2\/pages\/3\/revisions"}],"predecessor-version":[{"id":186,"href":"https:\/\/www.aivsrl.it\/index.php?rest_route=\/wp\/v2\/pages\/3\/revisions\/186"}],"wp:attachment":[{"href":"https:\/\/www.aivsrl.it\/index.php?rest_route=%2Fwp%2Fv2%2Fmedia&parent=3"}],"curies":[{"name":"wp","href":"https:\/\/api.w.org\/{rel}","templated":true}]}}